e 7*o - 92 = i*o. Is o a composite number?
False
Let r = 2 - 2. Suppose r = 4*z - 4*h + 16, 6 = 2*z + 4*h + h. Is z/(-9) + 493/9 a composite number?
True
Let g = -6 + 6. Let j(h) = h**2 - h + 46. Is j(g) a prime number?
False
Suppose -97 = -3*l + 224. Suppose 6*c - 247 = 2*c - 3*s, -2*s = -4*c + 242. Let x = l - c. Is x composite?
True
Suppose -1025 = -3*b - 2*b. Is b a composite number?
True
Suppose 1 = 4*x + 9. Let s(b) = 6*b**3 + 2*b**2 + b - 1. Let g be s(x). Let n = g - -64. Is n prime?
False
Let c(g) be the third derivative of g**6/90 - g**5/20 + 7*g**4/24 + g**3/2 + g**2. Let k(j) be the first derivative of c(j). Is k(5) a prime number?
False
Let l(m) = -13*m + 1. Let j be l(-1). Suppose -3*s + 2 = j. Let y(d) = -34*d + 3. Is y(s) a prime number?
True
Suppose 0 = -2*f - d + 64, -4*f + 126 = -2*d + 3*d. Is f a composite number?
False
Let b(t) = 27*t + 0 + 0 - 2. Is b(3) prime?
True
Let a = 7 + -4. Suppose -87 = 2*i - 3*i - 2*t, a*i + 2*t - 273 = 0. Is i prime?
False
Suppose 4*h + 4*w - 838 = 6*w, h + 3*w - 199 = 0. Is h - 2/((-6)/9) composite?
False
Suppose -25 + 5 = -4*m. Suppose 770 = m*a + 5*x, -31 = -5*a - 4*x + 740. Is a composite?
True
Let l = 3114 - 1991. Is l prime?
True
Suppose -4*d - 970 - 158 = 0. Let n = d - -475. Let x = -62 + n. Is x a composite number?
False
Let h = 9 - 35. Is 4/((-4)/h - 0) a composite number?
True
Let f(b) = -b**3 - 8*b**2 + 7*b - 8. Suppose -u - 13 = 2*s + 6, -5*u = -4*s - 31. Is f(s) a composite number?
True
Let j be 0/(2*3/(-6)). Let w = 24 + j. Is 4/(w/(-70))*-3 prime?
False
Let l(x) = -x**2 + 10*x - 2. Let t = -1 + -1. Let d = 9 + t. Is l(d) a composite number?
False
Let a(g) = -g**2 - 5*g - 5. Let m be a(-5). Let t(w) = -9*w**2 + 3*w + 10. Let r(l) = -13*l**2 + 5*l + 15. Let z(q) = -5*r(q) + 7*t(q). Is z(m) prime?
False
Suppose -b - 53 = -2*b. Suppose 3*s + b = 4*s. Is s a composite number?
False
Suppose 2*l = 2*i, l - 10 + 4 = -2*i. Is -3 - (0 - 31)*i prime?
True
Let j be (-16)/28*(-14)/4. Suppose -40 = u - j*u - 3*i, -5*u - 5*i + 190 = 0. Is u composite?
False
Let p(g) = -5 - g**2 - 5*g + g - 5*g**3 + 4*g**2 + g**2. Let u be p(-4). Suppose 0*z + z - 120 = -5*d, -4*z + u = 3*d. Is z composite?
True
Let j(a) = 0*a**3 + 0*a**2 - 1 - 2*a + 2*a**2 + 4*a**3. Let s be 2 - 2 - (-1 - 1). Is j(s) composite?
True
Suppose -7*m - 1712 + 7585 = 0. Is m a prime number?
True
Suppose -2*h = -2 - 4, 3394 = 5*p + 3*h. Is p prime?
True
Let v(g) = 2*g + 4. Let l be v(-4). Is l/14 + 405/21 composite?
False
Suppose 3553 = -4*o + 21*o. Is o prime?
False
Let m(z) = z**3 + 2*z**2 - z - 1. Let d be m(-1). Let y = -5 + d. Is (y/(-8))/(1/238) a composite number?
True
Suppose 2*v = 2*p - 3 + 5, 0 = 3*v + 4*p - 3. Let n = v - -18. Is n composite?
False
Is (-2541)/(-18) + (-2)/12 prime?
False
Let n(s) = 2*s**2 + 22*s**2 + 14*s**2 - 2*s + 2 - 1. Let x be n(3). Suppose 99 - x = -2*z. Is z a composite number?
True
Let m = 26 - 5. Suppose -2*h - 2*c = 3*c + m, 4*c + 20 = 0. Suppose h*l - 136 = -2*l. Is l composite?
True
Let m = 159 + -85. Is (9/3)/6*m prime?
True
Let h(a) be the first derivative of -5*a**4/12 + 11*a**3/6 + 3*a**2/2 + 3. Let l(o) be the second derivative of h(o). Is l(-8) prime?
False
Suppose -1235 = -2*u + 2*k + k, -5*u - 2*k = -3059. Is u a prime number?
True
Let z(n) = -n**2 + 18*n + 3. Is z(8) a prime number?
True
Let t be (-1)/(4/(-16)*2). Is 152/4*3/t composite?
True
Suppose 22*n + 818 = 24*n. Is n prime?
True
Let f(r) = -12*r + 2*r - 11 + 12. Is f(-1) a composite number?
False
Let u be -24 + ((-3)/(-3) - 3). Suppose 8*q = 3*q - 245. Let y = u - q. Is y a composite number?
False
Let o be (-8)/20 - (-1114)/10. Let d = o + 223. Is d a composite number?
True
Let b = -18 - -16. Is (-3 - (-2 - b)) + 220 prime?
False
Let a(q) = -q**2 + 10*q - 2. Is a(7) a composite number?
False
Let n be ((-2)/(-2))/((-6)/(-78)). Let v = n - 4. Is v composite?
True
Suppose 9*r - 2742 = 6*r. Is r prime?
False
Let i = -147 + 52. Let f(w) = -143*w - 1. Let h be f(-1). Let v = i + h. Is v composite?
False
Suppose -s - 64 = -0*s. Let b be 15/5 + (1 - s). Let t = b + 93. Is t a composite number?
True
Is (-14)/(2/29*-1) composite?
True
Let a = 188 + 485. Is a a composite number?
False
Let i(n) = -2 + 3 + 2*n**2 + n + 4 - n**2. Is i(6) a composite number?
False
Let w(g) = 2*g**2 + 16*g + 19. Is w(16) prime?
True
Let d = 4 - -1. Let s(y) = -y**3 + 6*y**2 - 5*y + 7. Let z be s(d). Is (-159)/(-7) + 2/z composite?
False
Let x(n) = 11*n**2 + 23*n + 13. Is x(-19) prime?
True
Let n = -5 - -2. Let j = 15 + n. Is (-1)/4 + 303/j a prime number?
False
Suppose 0 = -5*v - 107 + 852. Is v composite?
False
Suppose 4*y = 4 + 12. Suppose 4*u - 16 = 2*w, 2*w = y*u - 7*u + 5. Is 2 - (w + 6) - -57 composite?
True
Suppose 2*f - 575 = -3*f. Is f a prime number?
False
Let f(j) = 10*j - 1. Let x(t) = -31*t + 4. Let c(d) = -7*f(d) - 2*x(d). Is c(-5) prime?
False
Suppose u + 2 + 5 = 0. Is u*(86/(-2))/1 prime?
False
Suppose -3*q + 0*u + 2*u + 49 = 0, 2*q = -2*u + 26. Suppose 2*v - 7*v = q. Is 134/6*v/(-1) a prime number?
True
Let n = -4 + 18. Let f = n + 24. Is f composite?
True
Let r = -84 - -508. Suppose -4*g + r = 3*o, -g + 71 = -o - 28. Let l = 170 - g. Is l composite?
False
Let i(k) = -23*k + 4. Suppose 0 = 3*o - 31 + 10. Let b(y) = y**2 - 7*y - 5. Let f be b(o). Is i(f) a prime number?
False
Let p(z) = z**3 - 8*z**2 + 4*z + 4. Let f be p(5). Let l = -25 - f. Is l composite?
True
Let p(x) = x**2 - 6*x + 5. Let z be p(-7). Let h = 257 - z. Is h composite?
True
Suppose -2*a - a + k - 14 = 0, -2*k + 24 = -5*a. Is (242/a)/((-7)/14) a prime number?
False
Let b(t) = -t - 3. Let i be b(-2). Let y be -240 + 4/2*i. Let q = -165 - y. Is q prime?
False
Suppose -523 = 4*m + s, 0 = -3*s - 2*s - 15. Suppose -4*x = x - 155. Let u = x - m. Is u a composite number?
True
Suppose 5*r = 14 + 6. Suppose 5*p - 24 = -r*a + 2*p, -32 = -4*a - 5*p. Suppose 27 = a*j - 3. Is j prime?
False
Suppose 0*j = -2*j + 182. Is -3 + j - 3/3 a composite number?
True
Let s = -55 - 95. Let b = 244 + s. Is b a composite number?
True
Let u = 77 - -80. Is u a composite number?
False
Suppose 119 = m - 36. Is m a prime number?
False
Suppose -3*o + 2 = -4. Suppose 21 = o*w + r - 384, -r = 3*w - 608. Is w prime?
False
Let t(g) = 6*g**2 - 3*g + 1. Let i be t(-3). Suppose 3*y + 55 - 4 = 0. Let o = i + y. Is o a prime number?
True
Suppose -y + 0*y = -317. Is y composite?
False
Suppose n + 95 - 430 = 0. Is n composite?
True
Let m(f) = 41*f**2 + 11*f - 5. Is m(-8) a composite number?
False
Suppose 0 = -4*a - w + 651, 2*a - 416 = w - 89. Is a*(3 - (1 + 1)) prime?
True
Let h = -192 - -434. Let u = h + -163. Is u a composite number?
False
Suppose -x = -5*x + 1580. Is x composite?
True
Let k = -10 - -9. Is 147 + (k - 2 - -5) a composite number?
False
Suppose 5*w = -46 + 261. Is w prime?
True
Suppose -4*i - 3*z + 0*z - 12 = 0, 3*z = -i - 12. Suppose -25 = 5*s, 0 = g - 6*g - s + 270. Suppose i = -6*t + t + g. Is t a composite number?
False
Suppose -5*p + 124 = -p. Is p composite?
False
Is (-5264)/(-20) - (-3)/(-15) prime?
True
Let y be (-13935)/(-6)*4/5. Let o be y/6 - 3/(-9). Is o/15 + 1/3 composite?
True
Let n(b) = 7*b**2 - 2*b + 1. Let u be (6/4)/(1/(-2)). Let p be n(u). Suppose -23 = -3*w + p. Is w a composite number?
False
Let j be 0/(3 + 0) + -5. Let n = 14 + j. Is n prime?
False
Let a = 4 - 7. Let h(f) = -2*f**3 - 4*f**2 - 4. Is h(a) composite?
True
Let a be (21/(-49))/((-1)/7). Suppose 3*g = r + 922, 5*g = -a*r - 0*r + 1532. Is g a prime number?
True
Is (-30)/(-40) - (-7634)/8 a prime number?
False
Let s = -46 - -2. Let z = 23 - s. Is z prime?
True
Suppose 15 = 4*t - t - 5*x, -2*t = -3*x - 9. Suppose t = -0*l + 5*l. Suppose l = 3*p - 43 - 68. Is p a prime number?
True
Let n = 1510 - 507. Is n a prime number?
False
Suppose 0 = -4*p + 5*v + 45, p + 4*p = -5*v. Suppose 0 = l + 4*r - 19, -23 = -2*l + 5*r + 2. Suppose -p*x + l = -80. Is x a prime number?
True
Is 474 + 6/(5 + -11) composite?
True
Let s(a) = 3*a + 3. Let g be s(-3). Let o(f) = -510*f - 2. Let y be o(1). Is y/g + (-4)/12 a prime number?
False
Suppose -k = -6*k + 175. Let m = k - 16. Is m composite?
False
Let y(n) = -n**2 - n + 79. Let p(s) be the third derivative of -s**5/60 + s**4/4 - 5*s**3/6 - s**2. Let d be p(5). Is y(d) prime?
True
Let r(y) = 